reatest common factor of u and 448?
56
Suppose 2*b = 53 + 11. What is the greatest common factor of 288 and b?
32
Suppose 2*y - 64 = l - 5*l, 5*y - 85 = -5*l. Let i(d) = -d**3 - 3*d**2 + 3*d. Let n be i(-6). Calculate the greatest common factor of n and l.
15
Let i(h) = 29*h + 14. Let s be i(4). What is the highest common divisor of 13 and s?
13
Suppose -g - 3*v + 24 + 5 = 0, 4*v = 5*g - 50. What is the greatest common divisor of g and 70?
14
Suppose -2 - 2 = -i, -4*w = 3*i - 384. Suppose 6*q = 3*q + 93. Calculate the greatest common factor of q and w.
31
Let j = 14 - -6. Let s be (-1 + -2)/(-3)*5. What is the greatest common factor of s and j?
5
Let l = -3 + 15. What is the highest common factor of l and 96?
12
Suppose -2*c - 3*o = -c - 14, -28 = -2*c + 4*o. Calculate the highest common divisor of c and 42.
14
Suppose k = -2*y - 28, -4*y + 3*k - 2*k - 44 = 0. Let h be -2 - y - 3*-1. What is the greatest common divisor of 143 and h?
13
Suppose -4*y = -22 - 10. Calculate the greatest common divisor of 56 and y.
8
Let o(u) = 6*u**2 - 29*u + 9. Let n be o(10). What is the highest common factor of 11 and n?
11
Suppose -2*a = -y + 3*a + 21, -4*y = -5*a - 24. Suppose 2*q - y = q. Calculate the greatest common factor of q and 11.
1
Suppose 0 = 4*o - 547 + 3. Calculate the greatest common factor of 17 and o.
17
Let r(o) = o**2 - 2*o + 3. Let j(b) = -b - 4. Let u be j(-7). Let g be r(u). Calculate the greatest common factor of g and 36.
6
Let f(i) = -2*i**3 - 16*i**2 + 6*i + 8. Let p be f(-9). Calculate the highest common divisor of p and 4.
4
Let r(a) = -a + 14. Let g be r(0). Suppose -6*t = t - 147. What is the highest common factor of t and g?
7
Let i(s) = s - 4. Let t be i(6). Suppose t*d + 2*z - 14 = 0, -6 = 3*z - 6*z. What is the greatest common divisor of 10 and d?
5
Let p(v) = 2*v + 9. Let n be p(5). Let y be (1 + -6)/(n/(-38)). Let k be (-1 + 2)*1 + 19. Calculate the highest common factor of k and y.
10
Let l(w) be the third derivative of -w**4/8 - w**3/2 + 2*w**2. Let r be l(-2). Suppose -r*d + 0*d = -24. What is the greatest common factor of d and 1?
1
Suppose -13 = -3*z - 4. Let t be 2/3 - (-485)/15. What is the greatest common factor of z and t?
3
Suppose 0 = -4*l - 8 + 32. Let w = l - 4. Let b be w*(1 - (-17)/2). What is the greatest common divisor of b and 19?
19
Let p(y) = 34*y**2 - 2*y + 2. Let c be p(1). Suppose 2*u - 4*u - 5*l - 41 = 0, -2*u + 5*l = -9. Let o = u - -93. Calculate the highest common factor of o and c.
17
Let a(s) = 9*s - 2. Let d be a(5). Suppose 4*c - d - 1 = 0. What is the highest common factor of 121 and c?
11
Suppose 0 = -6*s + s + 135. Suppose -2*z + 1 = -z, f - 3*z = 6. What is the greatest common factor of f and s?
9
Let x be -1 - (-78 + -1 + 0). Let y = 111 - x. Calculate the greatest common divisor of 22 and y.
11
Let r be ((-1)/(5/(-15)))/(1/4). Calculate the highest common divisor of r and 48.
12
Let t(l) = -l - 88. Let i be t(0). Let w = 166 + i. Suppose -4*v = -v - w. Calculate the greatest common divisor of 39 and v.
13
Suppose 0 = f - 4*g + g + 6, 0 = 2*f + 4*g - 28. Let n be 1/2 - (-83)/2. What is the greatest common divisor of n and f?
6
Let c be 1/((-2)/(-80)) + 0. Calculate the greatest common factor of c and 16.
8
Let g = 37 - 25. Let a(q) = 20*q. Let o(u) = 3*u**2. Let t be o(1). Let f be a(t). Calculate the highest common factor of f and g.
12
Let i be (0/5)/(-1 - -2). Suppose i = 2*x + 3*a - 1, x + 5*a = 5*x - 35. Suppose -9 = -x*y + 2*y. Calculate the highest common divisor of 21 and y.
3
Let q(l) be the first derivative of l**3/3 - 11*l**2/2 + 12*l + 5. Let b be q(11). Calculate the highest common divisor of b and 18.
6
Let d be (-54)/(-15) + 2/5. Let j(r) = -11*r - 2. Let f be j(d). Let y = -28 - f. Calculate the highest common divisor of y and 9.
9
Let v be (0 + -2)*(-5 - 5). What is the greatest common factor of v and 4?
4
Suppose 5*v - 48 = -4*y, -2*y - 6*v + 3*v + 26 = 0. Let d = 0 + y. Suppose -3*t = -l - 105, -2*t + 105 = t + 4*l. What is the highest common factor of t and d?
7
Suppose 3 = 3*a - 0, 0 = 3*d + 4*a - 16. Let x be (0 + 1)*(-1 + d). Suppose 4*o + 17 = g, 4*g - x = -4*o + 5. Calculate the greatest common divisor of g and 35.
5
Let b(p) = -p**3 + p**2 + p + 8. Let k be b(0). Let w = k - 4. Suppose w*u + 4*z = 7 + 33, -5*z = 10. Calculate the highest common factor of u and 132.
12
Let p(a) = a**2 - 2*a. Let t be p(6). Calculate the greatest common divisor of t and 3.
3
Suppose 3*k + 20 = 8*k. Calculate the highest common divisor of 20 and k.
4
Suppose 129 = 5*d - 106. Calculate the highest common divisor of 517 and d.
47
Let c = 19 + 5. Let s(y) be the first derivative of 2*y**3 - 1. Let g be s(1). Calculate the highest common divisor of c and g.
6
Suppose f + 15 = -0*f - 2*b, 0 = 4*f + 3*b + 85. Let v = -5 - f. Calculate the highest common divisor of 30 and v.
10
Suppose 7 = -3*u - 2. Let i = 0 - u. Let f be -2*(1 + (-3 - -1)). Calculate the greatest common factor of i and f.
1
Let h = 9 - 5. Suppose 0 = h*s - 3 - 41. Suppose -2*y + 7*y - 495 = 0. Calculate the highest common divisor of s and y.
11
Let o be 3/9 - (-11)/3. Calculate the greatest common divisor of o and 3.
1
Suppose 0*y - 4*u = -3*y + 133, 2 = -2*u. What is the greatest common divisor of 473 and y?
43
Let g = -13 + 59. Let m = -33 + g. Calculate the highest common divisor of m and 117.
13
Suppose -x = -2*x, 2*x = -s + 44. Calculate the highest common divisor of 66 and s.
22
Suppose 4*m + 36 = 2*q, 3*m = -5*q - 0*m + 64. Suppose -4*a + 10 = -q. What is the highest common factor of a and 3?
3
Let l be (-11)/(-3) - (-9)/27. Suppose -l*o + 33 = -o. Calculate the greatest common divisor of 11 and o.
11
Let a(h) = h**2 + 4*h - 11. Let r be a(-8). Suppose -3 = 3*z - r. What is the greatest common divisor of z and 15?
3
Let j = 0 - 0. Suppose j = w - 2*w - 3. Let n be (w/(-2))/((-3)/(-64)). Calculate the highest common divisor of n and 4.
4
Let a = 15 + -3. Let d be a/(-21)*14/(-2). Calculate the greatest common divisor of d and 2.
2
Let h = -22 - -36. Let k = h + 58. Suppose 6*g - k = 2*g. Calculate the greatest common factor of g and 12.
6
Suppose 0 = -5*x - 2*s + 11, 0*x + 3*x + s = 7. Let i be ((-20)/(-2))/2 + 0. Let o = i - x. What is the highest common factor of o and 10?
2
Let h be 5 + -4 + (12 - 1). Suppose 0 = -2*b + 3*v + 3, 0 = -2*b - 0*v + 2*v + 4. Let p be (b + 5)/((-2)/(-33)). Calculate the highest common factor of p and h.
12
Let m be ((-60)/(-8))/(6/64). Let h be 2/(-1 - -2)*16. What is the greatest common divisor of h and m?
16
Suppose -r + 4 = u, 3*u - 14 = -3*r - 2*r. Suppose -5*z + 5*q = -15, 2*z + 3*q - 21 = -5. Suppose 186 = z*k + 21. What is the highest common factor of k and u?
3
Suppose 4*c + 0*b + 987 = -5*b, c + 2*b + 243 = 0. Let l = -162 - c. Let h = 37 + -24. What is the greatest common divisor of h and l?
13
Let n = -5 + 9. Suppose -4*o + 28 = -3*p - 109, 2*o + n*p - 52 = 0. Suppose 0*g + 4*g - o = 0. What is the greatest common factor of 2 and g?
2
Let x = 16 + -22. Let u(j) = j**3 + 6*j**2 - j - 2. Let g be u(x). Calculate the greatest common factor of 4 and g.
4
Suppose -3*u = -u + 4*s + 16, -4*s = 20. Suppose 4*p + a + 25 = 80, p + u*a = 19. What is the highest common factor of p and 104?
13
Let w = -19 - -187. Calculate the highest common divisor of 21 and w.
21
Let q(c) = c**2 - 9*c - 15. Let k be q(-5). What is the greatest common divisor of 440 and k?
55
Suppose 3*a + 7 = 19. Suppose -3*z = -5*c + 14, 3*z = a*c - c - 6. What is the greatest common divisor of 6 and z?
2
Let s = 368 - 215. What is the highest common factor of 17 and s?
17
Suppose 4*l = 3*x - 49 - 16, x = -2*l + 25. Calculate the highest common factor of x and 115.
23
Let j be (19/(-5))/(2 + 22/(-10)). What is the highest common factor of 76 and j?
19
Let v(t) = t**2 + 10*t - 16. Let d be v(-11). Let b be (-28)/d - (-8)/20. Calculate the highest common factor of 9 and b.
3
Let k be (-74)/(-8) - 3/(-4). Calculate the highest common divisor of 4 and k.
2
Suppose -4*y - 2*a + 86 = 0, 3*y + 2*y - 103 = -a. Let h = -13 + y. Calculate the highest common divisor of 21 and h.
7
Suppose -1 + 5 = -2*u, -3*d + 5*u = -31. Suppose 0 = 3*x + 14 - 71. Let g = x - d. What is the highest common divisor of g and 12?
12
Let y = -99